e the first derivative of x**2/2 + 9*x - 1. Let g be o(-7). List the prime factors of 9 - (-1)/(g/6).
2, 3
Let b(g) = -342*g - 750. List the prime factors of b(-5).
2, 3, 5
Let m = 8 + -7. Suppose -m = -2*c + 3. What are the prime factors of -2 - (14*-2)/c?
2, 3
Let a = -15 - -17. Let x be 12/((-6)/(-2) - a). Suppose -j - j = -x. What are the prime factors of j?
2, 3
Let q be -6*(-3 + 14/4). Let w(a) = -a**2 - 3*a + 4. Let u be w(q). Suppose u*m - 89 = 47. List the prime factors of m.
2, 17
Let h be ((-2)/(-2))/(4/(-4)). What are the prime factors of 3/h + 1*81/1?
2, 3, 13
Let j = -31 - -34. List the prime factors of j/(2/66*3).
3, 11
Let v(z) = -8*z + 16. Let m be v(-15). Let u = m + -81. What are the prime factors of u?
5, 11
Let t(p) = -42*p + 139. List the prime factors of t(-31).
11, 131
Suppose 0 = -3*r - 6, 4*r = -5*u - 8. Suppose u = -3*s + 2*s, -3*s + 525 = 5*q. What are the prime factors of q?
3, 5, 7
Suppose -3*t = -c - 2116, 5*c + 1425 = -4*t + 4259. What are the prime factors of t?
2, 353
Suppose 277 + 266 = f - 2*r, -5*f + r = -2760. What are the prime factors of f?
7, 79
Let d(j) = -j**3 - 5*j**2 - j - 6. Let q = -6 - -36. Suppose 4*m = -m - q. List the prime factors of d(m).
2, 3
Let w(s) = 4*s + 2. Let t(u) = -4*u - 2. Let x = -12 - -10. Let p(v) = x*w(v) - 3*t(v). What are the prime factors of p(1)?
2, 3
Let y = 6 + -6. Suppose k - 81 = 3*o - 7, y = 4*o + 4. Let x = 113 - k. List the prime factors of x.
2, 3, 7
Suppose -5*o + 7*o = 16. Suppose -2*k - 186 = -o*k. What are the prime factors of k?
31
Suppose 20*s - 11*s = 30690. What are the prime factors of s?
2, 5, 11, 31
Suppose 19484 + 8398 = 6*o. What are the prime factors of o?
3, 1549
Let g be 1/3*0/((-9)/(-3)). Suppose 0 = 4*p + o - 431, 0 = -g*p - 5*p - o + 540. What are the prime factors of p?
109
Suppose 0 = -8*j + 14766 + 5554. List the prime factors of j.
2, 5, 127
Suppose -8*j = -3*j + 265. Let h be (-9)/36 + j/(-4). List the prime factors of -9*(2 - -2 - h).
3
Let s = 8 + -3. Suppose -4*h + 4*g + 10 = -g, 0 = -h - s*g - 10. Suppose -2*w + 26 = -h*w. What are the prime factors of w?
13
Suppose 3*n = 9*n - 36. What are the prime factors of (46/n)/((-17)/(-255))?
5, 23
Let s(a) = 9*a - 18. Let w be s(6). Suppose 2*d - d = 4*g + w, 2*d - 5*g = 84. List the prime factors of d.
2, 13
Let m(i) be the second derivative of -i**5/20 - 7*i**4/12 - 5*i**3/6 + 3*i**2 - 7*i. Let r be m(-6). Suppose 4*h = -r*h + 204. List the prime factors of h.
3, 17
Let t = -277 - -1286. What are the prime factors of t?
1009
Suppose 20*t - 3622 + 842 = 0. List the prime factors of t.
139
Let b(o) = -o**3 - o**2 + 4*o + 27. What are the prime factors of b(-4)?
59
Let t = 11 - 2. List the prime factors of t*(-8)/(-108) + (-1172)/(-6).
2, 7
Let y = -119 + 1167. Suppose -12*b = -92 - y. What are the prime factors of b?
5, 19
Suppose -3*x + 5*z = -818, -5*x - z + 706 = -704. What are the prime factors of x?
281
Let i be 4*((-2)/4 + 0 + -10). Let g = -22 - i. What are the prime factors of g?
2, 5
Let s = -17 - -25. Suppose m = s*m - 336. What are the prime factors of m?
2, 3
Suppose -24*b = -6*b - 270. List the prime factors of b.
3, 5
List the prime factors of 6/306*-6 + (-39478)/(-34).
3, 43
Let j = -7 - -12. Suppose -j*o - 2*s = -21, -4*o - 3*s + 24 = 3. Suppose o*d - 19 = 2. What are the prime factors of d?
7
Let t be (197/(-3))/(2/(-6)). Suppose 153 = 5*r - t. Suppose -275 + r = -5*b. What are the prime factors of b?
41
Suppose -49*a - 522 + 7382 = 0. List the prime factors of a.
2, 5, 7
List the prime factors of -6*((-154)/(-6))/(-11).
2, 7
Suppose 7*d + 198 = 4*d. Let c = 156 + d. List the prime factors of c.
2, 3, 5
Let h(m) = 4*m**2 - 6*m + 1. Let y be (-1)/((-36)/16 + 2). What are the prime factors of h(y)?
41
Let d(f) = 31*f**2 - 87*f - 2*f**2 + 88*f. List the prime factors of d(1).
2, 3, 5
Let r = 1052 + -591. What are the prime factors of r?
461
Let u(w) = w**2 - 14*w + 66. What are the prime factors of u(30)?
2, 3, 7, 13
Suppose 0*a + l + 8 = 2*a, 3*a = 3*l + 12. Let f be (-1)/((4/(-11))/a). Suppose -11*h + 12*h - f = 0. What are the prime factors of h?
11
Suppose -4*w = -i - 2344, -2*i = -4*w - 5*i + 2328. What are the prime factors of w?
3, 5, 13
Suppose x + 2*j + 18 = -x, 2*x = 2*j - 14. Suppose 0 = 4*a + 5*z - 49, a + 3*z - 3 = 4. Let o = x + a. What are the prime factors of o?
2
Suppose -4*p - n = -6899, 3769 = 4*p + 5*n - 3126. What are the prime factors of p?
3, 5, 23
Let b be 495/(-10)*(1 + 1 + 0). Let t = -2 - b. List the prime factors of t.
97
Let z be (-57)/(-6) + (-4)/(-8). Let o = 5 - z. What are the prime factors of 2 + o + 33 + 0?
2, 3, 5
Let w be 2 + (-3 - -3) - 0. Suppose 3*r + 264 = 4*n, w*n + 5*r - 146 = 3*r. Suppose 0 = 5*l - 36 - n. List the prime factors of l.
3, 7
Suppose 2*n + 9 = 17. Suppose -211 = -n*c + 737. What are the prime factors of c?
3, 79
Let g = 91 - 25. Let y = g - 35. What are the prime factors of y?
31
Let p be (143/33)/((-1)/6). Let k = 37 + p. Suppose -f + 40 - 14 = -2*l, f + l = k. What are the prime factors of f?
2
Let n = 2670 + -1302. What are the prime factors of n?
2, 3, 19
Let g(u) = u**3 + 7*u**2 - 3*u - 2. List the prime factors of g(-6).
2, 13
Let n = 288 - 68. Suppose 4*h - n = 332. What are the prime factors of h?
2, 3, 23
Suppose 30 = m + 3*r, -m + 2*r - 72 = -3*m. Let y(f) = -3*f**2 - 39*f - 16. Let i be y(-12). Let b = m - i. List the prime factors of b.
19
Suppose 0 = -3*x + 6*x. Suppose -1996 = -3*t + 5*o, x = -3*t + 3*o + 2262 - 258. List the prime factors of -1*3 + t/16.
3, 13
Suppose -2*k - 8 = 2*k. Let t be (57/(-2))/(((-40)/(-16))/5). What are the prime factors of (-4)/(-3)*t/k?
2, 19
Suppose 1022 - 13474 = -4*k. What are the prime factors of k?
11, 283
Let i(w) = 2*w**2 + 8*w - 4. Let c be i(-5). Let a be (c + -8)/(2/(-24)). Suppose -4*t - a = -188. List the prime factors of t.
41
Let k = -42 - -27. Let s be (-4)/10 + 234/k. Let q = s - -29. What are the prime factors of q?
13
Suppose 2*b + 0*a + 370 = 3*a, -967 = 5*b + 3*a. Let f = -134 - b. Let o = -28 + f. What are the prime factors of o?
29
Let m = 275 - 170. Suppose g = -0*w - 4*w + m, 0 = -2*w - 2*g + 60. List the prime factors of w.
5
Let h = 85 - 11. What are the prime factors of h?
2, 37
Let c(h) = 13*h**2 + 9*h + 109. What are the prime factors of c(-12)?
1873
Let a = -930 - -4216. List the prime factors of a.
2, 31, 53
Let o(l) = -6*l**2 - 205*l + 43. List the prime factors of o(-21).
2, 23, 37
Let f(m) = 39*m + 2. Let n be f(1). Suppose -4*z - 5*l = -3*z - n, 0 = -5*z - 5*l + 225. List the prime factors of z.
2, 23
Let z = 419 + -139. What are the prime factors of z?
2, 5, 7
Let s = 6 + -3. Suppose 0 = -s*b + 5*d + 2, -8 + 2 = 3*b - 3*d. What are the prime factors of ((-21)/b)/7*36?
2, 3
Suppose 17*w = 4162 + 6905. List the prime factors of w.
3, 7, 31
Let w be (-1250)/(-15)*6/4. Suppose 243 + w = 5*c + 4*q, -4*q - 164 = -2*c. List the prime factors of c.
2, 19
Suppose 0 = 96*a - 106*a + 26230. What are the prime factors of a?
43, 61
Let z = 104 - 57. Suppose 3*g - z - 19 = 0. List the prime factors of g.
2, 11
Let o(h) = -11 - 6*h + 2*h - 12*h. List the prime factors of o(-4).
53
Suppose -z = 4*z - 20. Suppose -5*i + i + 335 = -c, z*i = -5*c + 317. List the prime factors of i.
83
List the prime factors of (42176/(-20))/8*10/(-4).
659
Let c be (1/1)/(1/7). Let l = 14 + c. List the prime factors of l.
3, 7
Suppose 0 = -3*r + 5*z - 11 - 378, 643 = -5*r + 3*z. Let q = -91 - r. Suppose -q = -3*u + 2. What are the prime factors of u?
13
Let x = -17 + 24. Suppose x + 3 = 5*o. Suppose 0 = -v + i + 2, -2*v + o = -i - 4. What are the prime factors of v?
2
Let r be (1/(-1) - -2) + 3. Let j(h) = 2*h + 14 - 3*h + r. List the prime factors of j(12).
2, 3
List the prime factors of (-104)/(-65) + (-17862)/(-5).
2, 1787
What are the prime factors of (4808/(-16))/(2/(-8)) + -1?
1201
Suppose 3*r + 25 + 17 = 0. Let t = -16 - r. List the prime factors of (0 - t) + -3 + 31.
2, 3, 5
Let j(v) = -165*v - 1286. What are the prime factors of j(-25)?
17, 167
Let h(s) = 6*s + 12. Let u be h(-5). Let y(q) = -9*q + 1. Let r be y(-4). Let p = u + r. List the prime factors of p.
19
Suppose 3*c = y + 1234, c = y + 104 + 310. List the prime factors of c.
2, 5, 41
Suppose -g + 55 = -2*y - 1